855c685
In base 14, what is -70c9 + 3a?
-708d
In base 15, what is -4 + 191db98?
191db94
In base 7, what is -2001551 + -253?
-2002134
In base 16, what is -289e - -10?
-288e
In base 3, what is 11122211210 - 100?
11122211110
In base 3, what is -1010 - 10021010211112?
-10021010212122
In base 2, what is -10 - -111010100010100000111100001?
111010100010100000111011111
In base 7, what is 5 + 164203651?
164203656
In base 10, what is -4914822 + -29?
-4914851
In base 15, what is 7 + 2e369d?
2e36a5
In base 3, what is -100201012 + -1011000011?
-1111201100
In base 10, what is -5 - 1200365?
-1200370
In base 7, what is -22564445 + 112?
-22564333
In base 2, what is -111011101100001010 + 10011111?
-111011101001101011
In base 7, what is -1 + 150550011?
150550010
In base 3, what is 12222111 - -12221120110?
20011112221
In base 13, what is -3 - 96092a5?
-96092a8
In base 10, what is -47390346 + -1?
-47390347
In base 2, what is 1 - -10010000100101110000001?
10010000100101110000010
In base 2, what is -1111100010001111101100011100 - 100?
-1111100010001111101100100000
In base 11, what is -5 - -3787043?
3787039
In base 9, what is 27 - 3575276?
-3575248
In base 10, what is -489 - 172549?
-173038
In base 6, what is -1021 - -1413302?
1412241
In base 4, what is -21332 - 1211011210?
-1211033202
In base 4, what is 13221 - -111102231?
111122112
In base 4, what is 21 - 303111333301?
-303111333220
In base 12, what is -1b85558 - -31?
-1b85527
In base 16, what is -8e1 + -1915?
-21f6
In base 16, what is 3f1 + -263c?
-224b
In base 13, what is -5c + 847217?
847188
In base 3, what is -122122 + 1121012010?
1120112111
In base 6, what is -4 - -255522?
255514
In base 13, what is 2 + -a510168?
-a510166
In base 7, what is -1052 + -2521021?
-2522103
In base 3, what is 122 + -12121120112?
-12121112220
In base 2, what is 11101001100110101 - 11010101001?
11100110010001100
In base 11, what is -25159 - 129?
-25287
In base 2, what is -1 - -1011111111001110010?
1011111111001110001
In base 6, what is -315 + 452435?
452120
In base 13, what is -2a94c3 - -26a?
-2a9256
In base 2, what is 111011001111100101000 - -101?
111011001111100101101
In base 14, what is 1551b14 + -18?
1551ada
In base 16, what is 21e997 - 7?
21e990
In base 12, what is -1853 - 6510?
-8163
In base 11, what is -3a5a775 + -2?
-3a5a777
In base 16, what is 2c4 - -2db90?
2de54
In base 9, what is 473 + -45268?
-44685
In base 10, what is -15097 + 17493?
2396
In base 12, what is 584263 + -32?
584231
In base 16, what is -f + -736cc1?
-736cd0
In base 14, what is -425cb4 - -dd?
-425bb5
In base 8, what is -16 + 30117406?
30117370
In base 14, what is -3 - -195a28?
195a25
In base 10, what is -83 - -73051?
72968
In base 3, what is 11 - 10122010122022211?
-10122010122022200
In base 5, what is -1031 + 32342030?
32340444
In base 7, what is 112136 - -326?
112465
In base 13, what is 1653c + cc?
1663b
In base 14, what is -4 + -508ad5?
-508ad9
In base 8, what is 77543 - 7336?
70205
In base 6, what is 1 + -20144553?
-20144552
In base 4, what is 10320202011 + -122?
10320201223
In base 13, what is b29228 + 5?
b29230
In base 11, what is 3328a7 + 7?
332903
In base 9, what is 1655 + -34224?
-32458
In base 6, what is 1445423353 - -4?
1445423401
In base 4, what is -3333133122 - -33?
-3333133023
In base 2, what is -111110 + 100000110011110?
100000101100000
In base 7, what is 23 - 244233165?
-244233142
In base 12, what is -17bb07 - 6?
-17bb11
In base 15, what is be7 - -7973?
866a
In base 11, what is -7a + 854856?
854787
In base 13, what is -5900678 - -5?
-5900673
In base 6, what is -5204 - -120313?
111105
In base 11, what is 7069153 + 5?
7069158
In base 12, what is -69299437 + 3?
-69299434
In base 15, what is -8127c + 9?
-81273
In base 11, what is -48706 + 1081?
-47635
In base 15, what is -108c + -1a27c?
-1b319
In base 14, what is -3 - 540b56c?
-540b571
In base 10, what is -317157 - -113?
-317044
In base 9, what is -821256 + -840?
-822206
In base 9, what is -213607 - -268?
-213328
In base 6, what is -101 - 115002135?
-115002240
In base 12, what is 34 - 225442?
-22540a
In base 14, what is 15 - -74683a4?
74683b9
In base 12, what is 3a9 + -18b790?
-18b3a3
In base 10, what is -106 + -1397180?
-1397286
In base 6, what is 14453 + 4204?
23101
In base 11, what is 894120 + -148?
893a83
In base 10, what is 444 - 12205?
-11761
In base 7, what is 6411513650 + 5?
6411513655
In base 15, what is 3a6 + 9aea?
9ea1
In base 12, what is 14b - a1b5a?
-a1a0b
In base 10, what is -5 - 4984902?
-4984907
In base 5, what is 13121 - -124044200?
124112321
In base 8, what is -2 - -3363055010?
3363055006
In base 16, what is 9b115 + -17a?
9af9b
In base 13, what is 30cbb + -5b?
30c60
In base 3, what is 11210 + -200211012?
-200122102
In base 8, what is 1511314244 + 4?
1511314250
In base 3, what is 1222201012 + 22102?
2000000121
In base 6, what is -32045 - 1451?
-33540
In base 15, what is 20c147 + -b?
20c13b
In base 16, what is -2e480f - 1?
-2e4810
In base 4, what is 21332220031 - 10111?
21332203320
In base 3, what is -1221122001210011 - -22?
-1221122001202212
In base 6, what is 254133 - 2442?
251251
In base 11, what is 135273 + -414?
13495a
In base 12, what is 3 - 3533458?
-3533455
In base 11, what is -1739 + 140?
-15a9
In base 6, what is -32034432 - -13?
-32034415
In base 4, what is -23 + -33000301131?
-33000301220
In base 5, what is 333013 - -122023?
1010041
In base 3, what is 10010202221 + 1200?
10010211121
In base 8, what is -30 - -2504157?
2504127
In base 11, what is 465058 + 30?
465088
In base 5, what is -242 - -21114242?
21114000
In base 16, what is -36 - -38d8b3?
38d87d
In base 12, what is 106252ba7 + 3?
106252baa
In base 7, what is 24136636 + -1?
24136635
In base 8, what is -50645 + -271?
-51136
In base 7, what is 122243 - -2326?
124602
In base 10, what is -158 + -49100?
-49258
In base 2, what is 1001110100011011000011110001 + 101?
1001110100011011000011110110
In base 2, what is 10110000110001010100101 + 11?
10110000110001010101000
In base 13, what is 6 + -343701?
-3436c8
In base 2, what is 10011 + 110111000011010100100011?
110111000011010100110110
In base 2, what is -1000011000101110 - 111110?
-1000011001101100
In base 12, what is -3 - 132071?
-132074
In base 8, what is -2452 + 41475?
37023
In base 2, what is 101001111110 - -11001000101?
1000011000011
In base 7, what is 100551 - -3640?
104521
In base 5, what is 3221112400 - 230?
3221112120
In base 4, what is 323320221233 + -111?
323320221122
In base 3, what is 1101020 + 1012010222?
1020112012
In base 16, what is -39db5 + 9d3?
-393e2
In base 12, what is -922a - -1b9?
-9031
In base 8, what is -345 + 5066066?
5065521
In base 11, what is -13a01 - 325aa?
-46500
In base 4, what is 10130301103212 + 0?
10130301103212
In base 15, what is -4 - -1862d4?
1862d0
In base 8, what is -105620 + 4600?
-101020
In base 12, what is 1b2a - 187a?
270
In base 5, what is 142410 + 144340?
342300
In base 14, what is -4 + -a436069?
-a43606d
In base 9, what is -65321 - 58?
-65380
In base 7, what is 15121565 - 210?
15121355
In base 15, what is -33 - 35638?
-3566b
In base 11, what is -124395801 + 3?
-1243957a9
In base 8, what is -31464 + 43442?
11756
In base 10, what is 184 - 712559?
-712375
In base 12, what is -7b8a - -8714?
746
In base 8, what is -5172434 - 647?
-5173303
In base 8, what is -6445051 - 5?
-6445056
In base 7, what is -651 + -44413?
-45364
In base 3, what is -100201012021101 - 1010?
-100201012022111
In base 13, what is -ba13b + -c5?
-ba233
In base 5, what is -43243 - 11434244?
-12033042
In base 6, what is 452021 + -2024?
445553
In base 9, what is 35 + 1214887?
1215033
In base 5, what is -1102214 + 2043?
-1100121
In base 14, what is -2bd3c92 + 33?
-2bd3c5d
In base 7, what is -5 - 230023316?
-230023324
In base 11, what is 3 + -a16532?
-a1652a
In base 13, what is -23 + 202b633?
202b610
In base 6, what is -222 + -22032142?
-22032404
In base 2, what is -101000101101110101111 + -1?
-101000101101110110000
In base 5, what is -11122202122304 + 4?
-11122202122300
In base 6, what is 4 - 412144300?
-412144252
In base 13, what is 26cb2 + 19?
26ccb
In base 2, what is -11100101011010010101001011100 + 11?
-11100101011010010101001011001
In base 8, what is -1042766362 - 0?
-1042766362
In base 3, what is 1010 - 1110111100210212?
-1110111100202202
In base 11, what is -15